he highest common factor of 84 and 364?
28
Calculate the greatest common divisor of 88 and 220.
44
What is the greatest common divisor of 152 and 57?
19
What is the highest common divisor of 156 and 52?
52
Calculate the greatest common divisor of 32 and 7344.
16
What is the highest common factor of 6 and 222?
6
What is the highest common divisor of 53 and 901?
53
Calculate the greatest common divisor of 48 and 2076.
12
What is the highest common factor of 52 and 13234?
26
Calculate the greatest common divisor of 10033 and 79.
79
What is the greatest common divisor of 725 and 400?
25
Calculate the greatest common factor of 24 and 60384.
24
Calculate the greatest common divisor of 200 and 11100.
100
What is the greatest common factor of 242 and 80828?
242
Calculate the highest common factor of 1998 and 148.
74
What is the greatest common factor of 210 and 30?
30
What is the greatest common divisor of 276 and 636?
12
Calculate the highest common divisor of 145 and 23461.
29
What is the highest common divisor of 122 and 5490?
122
What is the highest common divisor of 46 and 506?
46
What is the highest common factor of 10975 and 25?
25
Calculate the highest common divisor of 1169 and 21.
7
What is the highest common factor of 63 and 588?
21
Calculate the highest common divisor of 451 and 82.
41
What is the greatest common divisor of 215 and 35?
5
Calculate the greatest common divisor of 36 and 6.
6
What is the highest common divisor of 5332 and 215?
43
Calculate the greatest common factor of 190 and 1690.
10
Calculate the greatest common factor of 518 and 14.
14
What is the greatest common divisor of 12696 and 72?
24
Calculate the highest common factor of 400 and 3460.
20
What is the greatest common factor of 12 and 258?
6
What is the highest common divisor of 15 and 420?
15
Calculate the greatest common factor of 3175 and 50.
25
What is the highest common factor of 680 and 32?
8
What is the greatest common factor of 45 and 40?
5
Calculate the greatest common divisor of 11455 and 580.
145
Calculate the highest common factor of 2640 and 1210.
110
Calculate the greatest common factor of 221 and 19.
1
What is the highest common factor of 42 and 4942?
14
What is the highest common factor of 30 and 42225?
15
What is the greatest common factor of 105 and 6465?
15
What is the highest common factor of 1885 and 899?
29
What is the greatest common factor of 657 and 9?
9
Calculate the greatest common divisor of 40 and 415.
5
Calculate the greatest common divisor of 3033 and 9.
9
What is the highest common factor of 6 and 57?
3
What is the highest common factor of 572 and 143?
143
Calculate the greatest common factor of 464 and 165184.
464
Calculate the highest common divisor of 49 and 147.
49
Calculate the greatest common factor of 988 and 16549.
247
What is the greatest common divisor of 1659 and 21?
21
Calculate the greatest common divisor of 684 and 828.
36
What is the highest common divisor of 351 and 171?
9
Calculate the greatest common factor of 77 and 11.
11
Calculate the highest common factor of 40 and 2512.
8
What is the highest common factor of 813 and 3?
3
Calculate the greatest common divisor of 123 and 123.
123
Calculate the greatest common factor of 552 and 3082.
46
Calculate the greatest common factor of 45 and 1395.
45
What is the highest common divisor of 15 and 1215?
15
What is the greatest common factor of 18 and 69912?
18
Calculate the greatest common factor of 400 and 64.
16
What is the greatest common divisor of 27 and 2367?
9
What is the greatest common factor of 12 and 252?
12
What is the greatest common factor of 106 and 37206?
106
Calculate the greatest common divisor of 48 and 930.
6
Calculate the highest common factor of 1394 and 272.
34
Calculate the highest common factor of 4 and 2.
2
What is the greatest common factor of 29 and 493?
29
What is the greatest common factor of 2670 and 1424?
178
Calculate the highest common divisor of 264 and 24.
24
Calculate the highest common factor of 299 and 39.
13
What is the highest common divisor of 102 and 748?
34
What is the highest common factor of 807 and 9?
3
What is the greatest common factor of 68 and 2516?
68
Calculate the greatest common divisor of 36 and 6828.
12
What is the greatest common divisor of 62 and 4?
2
Calculate the greatest common divisor of 1250 and 1300.
50
What is the highest common factor of 90 and 195?
15
Calculate the greatest common divisor of 50 and 62500.
50
What is the highest common factor of 322 and 126?
14
Calculate the greatest common factor of 9 and 705.
3
Calculate the greatest common divisor of 165 and 11770.
55
What is the highest common factor of 879 and 3?
3
What is the greatest common factor of 1428 and 544?
68
What is the highest common factor of 18 and 54?
18
Calculate the greatest common divisor of 33 and 13.
1
What is the highest common factor of 192 and 240?
48
What is the highest common factor of 15 and 1095?
15
What is the highest common factor of 9 and 3429?
9
What is the greatest common factor of 1886 and 82?
82
Calculate the highest common factor of 18 and 24.
6
Calculate the greatest common divisor of 33 and 12.
3
What is the greatest common divisor of 18 and 819?
9
Calculate the greatest common factor of 92 and 230.
46
What is the highest common divisor of 122 and 61?
61
Calculate the greatest common factor of 355 and 5.
5
Calculate the highest common factor of 34 and 1666.
34
What is the highest common factor of 48 and 300?
12
Calculate the highest common divisor of 33762 and 51.
51
What is the highest common divisor of 80 and 3220?
20
Calculate the greatest common factor of 138 and 897.
69
What is the highest common factor of 688 and 48?
16
What is the greatest common factor of 27 and 33?
3
Calculate the highest common divisor of 132 and 1020.
12
What is the highest common divisor of 3641 and 44?
11
Calculate the highest common divisor of 152 and 19.
19
What is the greatest common factor of 27 and 135?
27
Calculate the highest common divisor of 415 and 5.
5
What is the greatest common divisor of 744 and 434?
62
Calculate the greatest common divisor of 1 and 64.
1
Calculate the highest common divisor of 1320 and 210.
30
Calculate the highest common divisor of 67 and 3.
1
Calculate the highest common factor of 32 and 56.
8
What is the highest common divisor of 323 and 76?
19
What is the highest common divisor of 4 and 148?
4
Calculate the greatest common factor of 168 and 300.
12
Calculate the highest common divisor of 36 and 63.
9
What is the highest common divisor of 31 and 5859?
31
Calculate the greatest common divisor of 60 and 320.
20
Calculate the greatest common divisor of 213 and 142.
71
What is the highest common divisor of 5733 and 351?
117
What is the greatest common divisor of 70 and 252?
14
What is the highest common divisor of 8 and 776?
8
What is the greatest common divisor of 468 and 2600?
52
Calculate the greatest common factor of 128 and 3616.
32
What is the highest common divisor of 2 and 53?
1
What is the highest common divisor of 3 and 1224?
3
Calculate the highest common factor of 90 and 54.
18
What is the highest common divisor of 384 and 288?
96
What is the highest common divisor of 15 and 60?
15
Calculate the greatest common divisor of 24101 and 11.
11
What is the highest common divisor of 72 and 2776?
8
Calculate the highest common divisor of 51 and 204.
51
Calculate the highest common divisor of 738 and 18.
18
What is the greatest common factor of 139 and 695?
139
Calculate the greatest common divisor of 6 and 1014.
6
What is the greatest common divisor of 14 and 602?
14
What is the highest common divisor of 102 and 2346?
102
What is the highest common factor of 39 and 104?
13
What is the highest common divisor of 68 and 6477?
17
What is the greatest common factor of 4395 and 30?
15
What is the greatest common divisor of 2462 and 2?
2
Calculate the greatest common factor of 45 and 1350.
45
Calculate the greatest common divisor of 81 and 549.
9
What is the highest common factor of 1517 and 123?
41
What is the greatest common divisor of 2774 and 146?
146
What is the greatest common divisor of 4 and 304?
4
What is the greatest common factor of 3 and 111?
3
What is the greatest common divisor of 20 and 6310?
10